5.
341411340
104352231 (base 6) to base 10
1896571
3a0a1 (base 13) to base 3
12110212000
766231 (base 12) to base 2
111001010001111000101
-110531301 (base 7) to base 3
-110120101100010
What is 2c0a9 (base 15) in base 9?
235586
What is 11002200102210 (base 3) in base 10?
2178570
-74248a (base 11) to base 10
-1189165
Convert -630cd9 (base 15) to base 12.
-16b2359
-13477027 (base 8) to base 3
-12201210121110
What is -23557 (base 13) in base 3?
-10021122201
Convert -401312 (base 6) to base 13.
-11402
Convert 514867 (base 16) to base 6.
310101451
-7274053 (base 8) to base 11
-10aa024
What is 110110000000101 (base 2) in base 16?
6c05
What is -211222222 (base 3) in base 14?
-6178
What is -2498889 (base 11) in base 13?
-b88311
-1375674 (base 8) to base 10
-392124
What is 43492 (base 14) in base 11?
101358
-79864 (base 16) to base 3
-221021210201
Convert -6cfe4c (base 16) to base 14.
-d3d1b6
Convert 11002102021122 (base 3) to base 15.
2cde55
What is 14434033 (base 5) in base 6?
3155554
Convert -107b78 (base 12) to base 4.
-1000013030
Convert 22045341 (base 6) to base 11.
41060a
What is -739bd (base 16) in base 7?
-4011364
65c8 (base 16) to base 12
130b4
What is 12120321 (base 4) in base 14?
9773
What is -1010101000010100101 (base 2) in base 8?
-1250245
-23410 (base 12) to base 2
-1011100010001100
17260664 (base 8) to base 6
222115352
What is -72905 (base 15) in base 14?
-964b9
What is 75709 (base 14) in base 12?
118439
166b2 (base 12) to base 9
48028
What is -222121202 (base 4) in base 3?
-22211020002
Convert -100011001010111000 (base 2) to base 16.
-232b8
What is -2022212112 (base 3) in base 11?
-31487
What is -4750 (base 11) in base 8?
-14122
Convert -84276 (base 10) to base 9.
-137540
What is 17250 (base 12) in base 13?
12144
What is -455631 (base 7) in base 14?
-21888
Convert -2015013 (base 6) to base 11.
-65998
Convert -c3074 (base 13) to base 11.
-219583
What is -223260 (base 9) in base 4?
-200213313
-97989b (base 15) to base 13
-165aa30
1004311444 (base 5) to base 7
23135224
18b51 (base 15) to base 13
2a655
What is 21202122101021 (base 3) in base 11?
2369269
Convert -1434001321 (base 5) to base 12.
-133a51b
122221442 (base 5) to base 12
243068
What is -489167 (base 11) in base 7?
-6401055
10a510 (base 11) to base 4
222232001
What is 41279 (base 15) in base 8?
623147
What is 3669ac (base 15) in base 16?
27bd18
Convert 140211212 (base 5) to base 15.
e0657
Convert 5c4557 (base 13) to base 4.
20123102012
What is 11362353 (base 7) in base 4?
3311310222
Convert -47781 (base 9) to base 6.
-404031
What is -3464cd (base 15) in base 12?
-a07a94
Convert 224446 (base 13) to base 11.
502a94
Convert -353442 (base 6) to base 11.
-21012
What is -1855850 (base 9) in base 8?
-3761120
What is 10011110010100011110001 (base 2) in base 13?
10c8426
What is -282595 (base 10) in base 11?
-183355
What is -22320 (base 6) in base 10?
-3144
Convert 1222456 (base 7) to base 16.
2653c
Convert 2ce6a (base 16) to base 2.
101100111001101010
2280425 (base 9) to base 7
13326062
-16210233 (base 9) to base 4
-132320223102
-1e918 (base 15) to base 14
-285b5
Convert -30424320 (base 6) to base 8.
-3253770
Convert 111333313 (base 6) to base 5.
1010043224
What is 328168 (base 9) in base 5?
22234434
Convert -3213554 (base 6) to base 3.
-22000021221
What is -21320313200 (base 4) in base 10?
-2592224
44777 (base 11) to base 3
10021220201
Convert 560dda (base 16) to base 4.
111200313122
-463116 (base 7) to base 9
-135426
20225 (base 12) to base 11
29440
373515 (base 11) to base 4
2100012232
What is -1121311112 (base 4) in base 3?
-200200202002
7a8773 (base 16) to base 13
1882026
What is -369792 (base 12) in base 15?
-127ec2
What is 425679 (base 10) in base 8?
1477317
-4164003 (base 7) to base 10
-503184
What is 10120 (base 4) in base 8?
430
What is -37027153 (base 8) in base 14?
-111bc27
Convert 373447 (base 9) to base 14.
5c324
What is 20222125 (base 6) in base 7?
4626410
3dd7d (base 14) to base 12
74a63
288851 (base 11) to base 13
12a30a
4aa440 (base 13) to base 11
1015517
What is -29b11e (base 15) in base 5?
-1003334004
16652313 (base 8) to base 14
73305d
What is -34112010 (base 5) in base 11?
-196068
-22311100 (base 7) to base 10
-1935598
Convert 105146 (base 8) to base 13.
13185
What is 62604 (base 9) in base 13?
15a60
What is -285 (base 11) in base 4?
-11033
Convert -14636141 (base 7) to base 14.
-287ac8
15a703 (base 12) to base 13
cca14
What is 733727 (base 9) in base 2?
1101010011001011101
222402422 (base 5) to base 10
981612
Convert -233111223 (base 4) to base 13.
-6a344
What is -1421550 (base 11) in base 7?
-26541136
What is -1010100011000100 (base 2) in base 3?
-2012021011
Convert f22c9 (base 16) to base 9.
1771621
What is -210e82 (base 15) in base 9?
-2856235
Convert 111000120201 (base 3) to base 10.
256303
What is -a7a694 (base 13) in base 14?
-746562
What is -200221121012 (base 3) in base 15?
-7578b
Convert -2001100020122 (base 3) to base 2.
-100001001111100011001
-34131510 (base 6) to base 10
-1038498
What is 68877 (base 13) in base 7?
1422036
-2a54252 (base 12) to base 6
-503413342
What is -15755524 (base 8) in base 10?
-3660628
Convert 201320212001 (base 4) to base 9.
17637522
4551044 (base 6) to base 11
149527
1718819 (base 11) to base 16
2ca28b
What is 1b603 (base 12) in base 4?
21322203
What is -3ab21 (base 14) in base 2?
-100011010111101001
What is -1026215 (base 8) in base 7?
-2216343
Convert 111100001001001 (base 2) to base 3.
1120020111
Convert 1275459 (base 10) to base 7.
13561353
What is 13a378 (base 11) in base 6?
4404352
What is -b37c2 (base 13) in base 7?
-2511035
Convert -353138 (base 11) to base 4.
-2020312001
What is -5b961 (base 12) in base 10?
-124057
Convert 1020432 (base 5) to base 6.
210400
Convert 27952 (base 16) to base 7.
1243453
Convert -6bc693 (base 16) to base 3.
-111021211212112
What is 1000010100001101111 (base 2) in base 3?
111211210102
Convert 9a6bd (base 16) to base 9.
1163567
What is 21233341 (base 5) in base 11?
113655
What is 5833a (base 11) in base 10?
84259
-17c2a2 (base 14) to base 12
-346286
What is 53d2c (base 14) in base 5?
22443100
-23132121000 (base 4) to base 15
-3e6429
Convert -13772509 (base 10) to base 5.
-12011210014
What is 54c18 (base 13) in base 8?
454052
-53355340 (base 8) to base 16
-addae0
-5034a8 (base 12) to base 7
-13424312
What is -56763 (base 8) in base 10?
-24051
Convert -20a5ac5 (base 13) to base 5.
-10021431224
a47b7 (base 12) to base 7
1555021
Convert -9b34 (base 14) to base 4.
-12210102
Convert -333c85 (base 15) to base 16.
-2546c6
Convert -383924 (base 10) to base 5.
-44241144
-1010111011020 (base 3) to base 11
-37a939
c050c (base 13) to base 15
6bc0e
Convert -506aa60 (base 11) to base 14.
-129356d
25b0858 (base 12) to base 8
34315704
654436 (base 7) to base 8
337412
-21c965 (base 15) to base 8
-6114333
What is 161a9 (base 15) in base 12?
352a3
Convert 1223400002 (base 5) to base 6.
143121230
Convert -111011212120200 (base 3) to base 16.
-6ae1ef
Convert -30022500 (base 6) to base 2.
-11001101110100000100
12191a7 (base 12) to base 2
1101011011011011001111
Convert -406333 (base 7) to base 8.
-207521
Convert 13a00 (base 13) to base 16.
8fea
-639945 (base 14) to base 15
-46820d
Convert e65e (base 16) to base 13.
20ac6
What is -875183 (base 12) in base 5?
-1022112231
-442550102 (base 6) to base 12
-2808332
Convert -419a66 (base 14) to base 7.
-24560656
Convert 12a48aa (base 11) to base 5.
1033341420
-10022220212 (base 3) to base 16
-10010
-110221214 (base 6) to base 12
-7b480a
What is -1a00cca (base 14) in base 12?
-43a72aa
16856 (base 16) to base 8
264126
What is -123586 (base 13) in base 3?
-211011000201
Convert 42311313 (base 5) to base 4.
1112122212
Convert -a2482 (base 14) to base 2.
-1011111010110010010
What is -34524035 (base 6) in base 16?
-104ef7
14204040 (base 6) to base 15
981a0
Convert -140002306 (base 7) to base 12.
-304ab44
1330001113 (base 4) to base 16
7c057
What is 164938 (base 10) in base 2?
101000010001001010
What is -6463775 (base 8) in base 4?
-12212133331
What is -320221121 (base 4) in base 7?
-1654313
What is -447a9 (base 11) in base 8?
-176526
What is 2021200200022 (base 3) in base 15?
18ebbe
What is 2a466 (base 11) in base 16?
a88c
What is -170578 (base 15) in base 16?
-11036c
What is 3e